{"id":531,"date":"2026-02-18T10:59:11","date_gmt":"2026-02-18T10:59:11","guid":{"rendered":"https:\/\/acho.zaragozadinamica.org\/?page_id=531"},"modified":"2026-02-19T11:07:57","modified_gmt":"2026-02-19T11:07:57","slug":"aviso-legal","status":"publish","type":"page","link":"https:\/\/acho.zaragozadinamica.org\/index.php\/aviso-legal\/","title":{"rendered":"Aviso Legal"},"content":{"rendered":"\n<p>En cumplimiento con el deber de informaci\u00f3n recogido en la normativa vigente, se informa que el presente sitio web tiene car\u00e1cter demostrativo y formativo.<\/p>\n\n\n\n<h2 class=\"wp-block-heading\">Datos identificativos<\/h2>\n\n\n\n<p>Titular: Proyecto demo \u201cAcho Coffee\u201d<br>Actividad: P\u00e1gina web demostrativa de cafeter\u00eda de especialidad<br>Direcci\u00f3n: C. de Manuela Sancho, 1, Casco Antiguo, 50002 Zaragoza<br>Tel\u00e9fono: (+34) 976 85 47 12<br>Correo electr\u00f3nico: <a>acho.coffee@gmail.com<\/a><\/p>\n\n\n\n<p>Este sitio web ha sido creado con fines acad\u00e9micos y de aprendizaje dentro de un entorno formativo.<\/p>\n\n\n\n<h2 class=\"wp-block-heading\">Condiciones de uso<\/h2>\n\n\n\n<p>El acceso y uso del presente sitio web atribuye la condici\u00f3n de usuario e implica la aceptaci\u00f3n de las condiciones aqu\u00ed reflejadas.<\/p>\n\n\n\n<p>El titular se reserva el derecho de modificar en cualquier momento la informaci\u00f3n contenida en el sitio web sin necesidad de previo aviso.<\/p>\n\n\n\n<h2 class=\"wp-block-heading\">Propiedad intelectual<\/h2>\n\n\n\n<p>Todos los contenidos del sitio web, incluyendo textos, im\u00e1genes, dise\u00f1o y estructura, tienen car\u00e1cter demostrativo. En caso de uso de im\u00e1genes generadas o de terceros, se utilizan con fines exclusivamente formativos.<\/p>\n\n\n\n<h2 class=\"wp-block-heading\">Responsabilidad<\/h2>\n\n\n\n<p>El titular no se responsabiliza del uso indebido de la informaci\u00f3n contenida en el sitio web ni de posibles da\u00f1os derivados del acceso al mismo.<\/p>\n","protected":false},"excerpt":{"rendered":"<p>En cumplimiento con el deber de informaci\u00f3n recogido en la normativa vigente, se informa que el presente sitio web tiene car\u00e1cter demostrativo y formativo. Datos identificativos Titular: Proyecto demo \u201cAcho Coffee\u201dActividad: P\u00e1gina web demostrativa de cafeter\u00eda de especialidadDirecci\u00f3n: C. de Manuela Sancho, 1, Casco Antiguo, 50002 ZaragozaTel\u00e9fono: (+34) 976 85 47 12Correo electr\u00f3nico: acho.coffee@gmail.com Este [&hellip;]<\/p>\n","protected":false},"author":2,"featured_media":0,"parent":0,"menu_order":0,"comment_status":"closed","ping_status":"closed","template":"","meta":{"_et_pb_use_builder":"off","_et_pb_old_content":"","_et_gb_content_width":"","_uag_custom_page_level_css":"","footnotes":""},"class_list":["post-531","page","type-page","status-publish","hentry"],"yoast_head":"<!-- This site is optimized with the Yoast SEO plugin v27.3 - https:\/\/yoast.com\/product\/yoast-seo-wordpress\/ -->\n<title>Aviso Legal - Acho Coffee<\/title>\n<meta name=\"robots\" content=\"noindex, follow\" \/>\n<meta property=\"og:locale\" content=\"es_ES\" \/>\n<meta property=\"og:type\" content=\"article\" \/>\n<meta property=\"og:title\" content=\"Aviso Legal - Acho Coffee\" \/>\n<meta property=\"og:description\" content=\"En cumplimiento con el deber de informaci\u00f3n recogido en la normativa vigente, se informa que el presente sitio web tiene car\u00e1cter demostrativo y formativo. Datos identificativos Titular: Proyecto demo \u201cAcho Coffee\u201dActividad: P\u00e1gina web demostrativa de cafeter\u00eda de especialidadDirecci\u00f3n: C. de Manuela Sancho, 1, Casco Antiguo, 50002 ZaragozaTel\u00e9fono: (+34) 976 85 47 12Correo electr\u00f3nico: acho.coffee@gmail.com Este [&hellip;]\" \/>\n<meta property=\"og:url\" content=\"https:\/\/acho.zaragozadinamica.org\/index.php\/aviso-legal\/\" \/>\n<meta property=\"og:site_name\" content=\"Acho Coffee\" \/>\n<meta property=\"article:publisher\" content=\"https:\/\/www.facebook.com\/people\/Acho-coffee\/61551274826182\/\" \/>\n<meta property=\"article:modified_time\" content=\"2026-02-19T11:07:57+00:00\" \/>\n<meta name=\"twitter:card\" content=\"summary_large_image\" \/>\n<meta name=\"twitter:label1\" content=\"Tiempo de lectura\" \/>\n\t<meta name=\"twitter:data1\" content=\"1 minuto\" \/>\n<script type=\"application\/ld+json\" class=\"yoast-schema-graph\">{\"@context\":\"https:\\\/\\\/schema.org\",\"@graph\":[{\"@type\":\"WebPage\",\"@id\":\"https:\\\/\\\/acho.zaragozadinamica.org\\\/index.php\\\/aviso-legal\\\/\",\"url\":\"https:\\\/\\\/acho.zaragozadinamica.org\\\/index.php\\\/aviso-legal\\\/\",\"name\":\"Aviso Legal - Acho Coffee\",\"isPartOf\":{\"@id\":\"https:\\\/\\\/acho.zaragozadinamica.org\\\/#website\"},\"datePublished\":\"2026-02-18T10:59:11+00:00\",\"dateModified\":\"2026-02-19T11:07:57+00:00\",\"breadcrumb\":{\"@id\":\"https:\\\/\\\/acho.zaragozadinamica.org\\\/index.php\\\/aviso-legal\\\/#breadcrumb\"},\"inLanguage\":\"es\",\"potentialAction\":[{\"@type\":\"ReadAction\",\"target\":[\"https:\\\/\\\/acho.zaragozadinamica.org\\\/index.php\\\/aviso-legal\\\/\"]}]},{\"@type\":\"BreadcrumbList\",\"@id\":\"https:\\\/\\\/acho.zaragozadinamica.org\\\/index.php\\\/aviso-legal\\\/#breadcrumb\",\"itemListElement\":[{\"@type\":\"ListItem\",\"position\":1,\"name\":\"Portada\",\"item\":\"https:\\\/\\\/acho.zaragozadinamica.org\\\/\"},{\"@type\":\"ListItem\",\"position\":2,\"name\":\"Aviso Legal\"}]},{\"@type\":\"WebSite\",\"@id\":\"https:\\\/\\\/acho.zaragozadinamica.org\\\/#website\",\"url\":\"https:\\\/\\\/acho.zaragozadinamica.org\\\/\",\"name\":\"Acho Coffee\",\"description\":\"\",\"publisher\":{\"@id\":\"https:\\\/\\\/acho.zaragozadinamica.org\\\/#organization\"},\"potentialAction\":[{\"@type\":\"SearchAction\",\"target\":{\"@type\":\"EntryPoint\",\"urlTemplate\":\"https:\\\/\\\/acho.zaragozadinamica.org\\\/?s={search_term_string}\"},\"query-input\":{\"@type\":\"PropertyValueSpecification\",\"valueRequired\":true,\"valueName\":\"search_term_string\"}}],\"inLanguage\":\"es\"},{\"@type\":\"Organization\",\"@id\":\"https:\\\/\\\/acho.zaragozadinamica.org\\\/#organization\",\"name\":\"Acho Coffee\",\"url\":\"https:\\\/\\\/acho.zaragozadinamica.org\\\/\",\"logo\":{\"@type\":\"ImageObject\",\"inLanguage\":\"es\",\"@id\":\"https:\\\/\\\/acho.zaragozadinamica.org\\\/#\\\/schema\\\/logo\\\/image\\\/\",\"url\":\"https:\\\/\\\/acho.zaragozadinamica.org\\\/wp-content\\\/uploads\\\/2026\\\/02\\\/cropped-logos-acho-Editada.png\",\"contentUrl\":\"https:\\\/\\\/acho.zaragozadinamica.org\\\/wp-content\\\/uploads\\\/2026\\\/02\\\/cropped-logos-acho-Editada.png\",\"width\":277,\"height\":314,\"caption\":\"Acho Coffee\"},\"image\":{\"@id\":\"https:\\\/\\\/acho.zaragozadinamica.org\\\/#\\\/schema\\\/logo\\\/image\\\/\"},\"sameAs\":[\"https:\\\/\\\/www.facebook.com\\\/people\\\/Acho-coffee\\\/61551274826182\\\/\",\"https:\\\/\\\/www.instagram.com\\\/achocoffee\\\/\"]}]}<\/script>\n<!-- \/ Yoast SEO plugin. -->","yoast_head_json":{"title":"Aviso Legal - Acho Coffee","robots":{"index":"noindex","follow":"follow"},"og_locale":"es_ES","og_type":"article","og_title":"Aviso Legal - Acho Coffee","og_description":"En cumplimiento con el deber de informaci\u00f3n recogido en la normativa vigente, se informa que el presente sitio web tiene car\u00e1cter demostrativo y formativo. Datos identificativos Titular: Proyecto demo \u201cAcho Coffee\u201dActividad: P\u00e1gina web demostrativa de cafeter\u00eda de especialidadDirecci\u00f3n: C. de Manuela Sancho, 1, Casco Antiguo, 50002 ZaragozaTel\u00e9fono: (+34) 976 85 47 12Correo electr\u00f3nico: acho.coffee@gmail.com Este [&hellip;]","og_url":"https:\/\/acho.zaragozadinamica.org\/index.php\/aviso-legal\/","og_site_name":"Acho Coffee","article_publisher":"https:\/\/www.facebook.com\/people\/Acho-coffee\/61551274826182\/","article_modified_time":"2026-02-19T11:07:57+00:00","twitter_card":"summary_large_image","twitter_misc":{"Tiempo de lectura":"1 minuto"},"schema":{"@context":"https:\/\/schema.org","@graph":[{"@type":"WebPage","@id":"https:\/\/acho.zaragozadinamica.org\/index.php\/aviso-legal\/","url":"https:\/\/acho.zaragozadinamica.org\/index.php\/aviso-legal\/","name":"Aviso Legal - Acho Coffee","isPartOf":{"@id":"https:\/\/acho.zaragozadinamica.org\/#website"},"datePublished":"2026-02-18T10:59:11+00:00","dateModified":"2026-02-19T11:07:57+00:00","breadcrumb":{"@id":"https:\/\/acho.zaragozadinamica.org\/index.php\/aviso-legal\/#breadcrumb"},"inLanguage":"es","potentialAction":[{"@type":"ReadAction","target":["https:\/\/acho.zaragozadinamica.org\/index.php\/aviso-legal\/"]}]},{"@type":"BreadcrumbList","@id":"https:\/\/acho.zaragozadinamica.org\/index.php\/aviso-legal\/#breadcrumb","itemListElement":[{"@type":"ListItem","position":1,"name":"Portada","item":"https:\/\/acho.zaragozadinamica.org\/"},{"@type":"ListItem","position":2,"name":"Aviso Legal"}]},{"@type":"WebSite","@id":"https:\/\/acho.zaragozadinamica.org\/#website","url":"https:\/\/acho.zaragozadinamica.org\/","name":"Acho Coffee","description":"","publisher":{"@id":"https:\/\/acho.zaragozadinamica.org\/#organization"},"potentialAction":[{"@type":"SearchAction","target":{"@type":"EntryPoint","urlTemplate":"https:\/\/acho.zaragozadinamica.org\/?s={search_term_string}"},"query-input":{"@type":"PropertyValueSpecification","valueRequired":true,"valueName":"search_term_string"}}],"inLanguage":"es"},{"@type":"Organization","@id":"https:\/\/acho.zaragozadinamica.org\/#organization","name":"Acho Coffee","url":"https:\/\/acho.zaragozadinamica.org\/","logo":{"@type":"ImageObject","inLanguage":"es","@id":"https:\/\/acho.zaragozadinamica.org\/#\/schema\/logo\/image\/","url":"https:\/\/acho.zaragozadinamica.org\/wp-content\/uploads\/2026\/02\/cropped-logos-acho-Editada.png","contentUrl":"https:\/\/acho.zaragozadinamica.org\/wp-content\/uploads\/2026\/02\/cropped-logos-acho-Editada.png","width":277,"height":314,"caption":"Acho Coffee"},"image":{"@id":"https:\/\/acho.zaragozadinamica.org\/#\/schema\/logo\/image\/"},"sameAs":["https:\/\/www.facebook.com\/people\/Acho-coffee\/61551274826182\/","https:\/\/www.instagram.com\/achocoffee\/"]}]}},"uagb_featured_image_src":{"full":false,"thumbnail":false,"medium":false,"medium_large":false,"large":false,"1536x1536":false,"2048x2048":false,"et-pb-post-main-image":false,"et-pb-post-main-image-fullwidth":false,"et-pb-portfolio-image":false,"et-pb-portfolio-module-image":false,"et-pb-portfolio-image-single":false,"et-pb-gallery-module-image-portrait":false,"et-pb-post-main-image-fullwidth-large":false,"et-pb-image--responsive--desktop":false,"et-pb-image--responsive--tablet":false,"et-pb-image--responsive--phone":false},"uagb_author_info":{"display_name":"Antonio B C","author_link":"https:\/\/acho.zaragozadinamica.org\/index.php\/author\/ablanquez\/"},"uagb_comment_info":0,"uagb_excerpt":"En cumplimiento con el deber de informaci\u00f3n recogido en la normativa vigente, se informa que el presente sitio web tiene car\u00e1cter demostrativo y formativo. Datos identificativos Titular: Proyecto demo \u201cAcho Coffee\u201dActividad: P\u00e1gina web demostrativa de cafeter\u00eda de especialidadDirecci\u00f3n: C. de Manuela Sancho, 1, Casco Antiguo, 50002 ZaragozaTel\u00e9fono: (+34) 976 85 47 12Correo electr\u00f3nico: acho.coffee@gmail.com Este&hellip;","_links":{"self":[{"href":"https:\/\/acho.zaragozadinamica.org\/index.php\/wp-json\/wp\/v2\/pages\/531","targetHints":{"allow":["GET"]}}],"collection":[{"href":"https:\/\/acho.zaragozadinamica.org\/index.php\/wp-json\/wp\/v2\/pages"}],"about":[{"href":"https:\/\/acho.zaragozadinamica.org\/index.php\/wp-json\/wp\/v2\/types\/page"}],"author":[{"embeddable":true,"href":"https:\/\/acho.zaragozadinamica.org\/index.php\/wp-json\/wp\/v2\/users\/2"}],"replies":[{"embeddable":true,"href":"https:\/\/acho.zaragozadinamica.org\/index.php\/wp-json\/wp\/v2\/comments?post=531"}],"version-history":[{"count":1,"href":"https:\/\/acho.zaragozadinamica.org\/index.php\/wp-json\/wp\/v2\/pages\/531\/revisions"}],"predecessor-version":[{"id":552,"href":"https:\/\/acho.zaragozadinamica.org\/index.php\/wp-json\/wp\/v2\/pages\/531\/revisions\/552"}],"wp:attachment":[{"href":"https:\/\/acho.zaragozadinamica.org\/index.php\/wp-json\/wp\/v2\/media?parent=531"}],"curies":[{"name":"wp","href":"https:\/\/api.w.org\/{rel}","templated":true}]}}