{"id":249,"date":"2026-02-16T07:14:06","date_gmt":"2026-02-16T07:14:06","guid":{"rendered":"https:\/\/acho.zaragozadinamica.org\/?page_id=249"},"modified":"2026-02-19T10:58:19","modified_gmt":"2026-02-19T10:58:19","slug":"contacto","status":"publish","type":"page","link":"https:\/\/acho.zaragozadinamica.org\/index.php\/contacto\/","title":{"rendered":"Contacto"},"content":{"rendered":"","protected":false},"excerpt":{"rendered":"","protected":false},"author":3,"featured_media":0,"parent":0,"menu_order":0,"comment_status":"closed","ping_status":"closed","template":"","meta":{"_et_pb_use_builder":"on","_et_pb_old_content":"","_et_gb_content_width":"","_uag_custom_page_level_css":"","footnotes":""},"class_list":["post-249","page","type-page","status-publish","hentry"],"yoast_head":"<!-- This site is optimized with the Yoast SEO plugin v27.3 - https:\/\/yoast.com\/product\/yoast-seo-wordpress\/ -->\n<title>Cafeter\u00eda en Zaragoza centro | Contacto Acho Coffee<\/title>\n<meta name=\"description\" content=\"Contacta con Acho Coffee, cafeter\u00eda en Zaragoza centro. Consulta horarios, ubicaci\u00f3n y c\u00f3mo llegar f\u00e1cilmente.\" \/>\n<meta name=\"robots\" content=\"noindex, follow, max-snippet:-1, max-image-preview:large, max-video-preview:-1\" \/>\n<meta property=\"og:locale\" content=\"es_ES\" \/>\n<meta property=\"og:type\" content=\"article\" \/>\n<meta property=\"og:title\" content=\"Cafeter\u00eda en Zaragoza centro | Contacto Acho Coffee\" \/>\n<meta property=\"og:description\" content=\"Contacta con Acho Coffee, cafeter\u00eda en Zaragoza centro. Consulta horarios, ubicaci\u00f3n y c\u00f3mo llegar f\u00e1cilmente.\" \/>\n<meta property=\"og:url\" content=\"https:\/\/acho.zaragozadinamica.org\/index.php\/contacto\/\" \/>\n<meta property=\"og:site_name\" content=\"Acho Coffee\" \/>\n<meta property=\"article:publisher\" content=\"https:\/\/www.facebook.com\/people\/Acho-coffee\/61551274826182\/\" \/>\n<meta property=\"article:modified_time\" content=\"2026-02-19T10:58:19+00:00\" \/>\n<meta name=\"twitter:card\" content=\"summary_large_image\" \/>\n<script type=\"application\/ld+json\" class=\"yoast-schema-graph\">{\"@context\":\"https:\\\/\\\/schema.org\",\"@graph\":[{\"@type\":\"WebPage\",\"@id\":\"https:\\\/\\\/acho.zaragozadinamica.org\\\/index.php\\\/contacto\\\/\",\"url\":\"https:\\\/\\\/acho.zaragozadinamica.org\\\/index.php\\\/contacto\\\/\",\"name\":\"Cafeter\u00eda en Zaragoza centro | Contacto Acho Coffee\",\"isPartOf\":{\"@id\":\"https:\\\/\\\/acho.zaragozadinamica.org\\\/#website\"},\"datePublished\":\"2026-02-16T07:14:06+00:00\",\"dateModified\":\"2026-02-19T10:58:19+00:00\",\"description\":\"Contacta con Acho Coffee, cafeter\u00eda en Zaragoza centro. Consulta horarios, ubicaci\u00f3n y c\u00f3mo llegar f\u00e1cilmente.\",\"breadcrumb\":{\"@id\":\"https:\\\/\\\/acho.zaragozadinamica.org\\\/index.php\\\/contacto\\\/#breadcrumb\"},\"inLanguage\":\"es\",\"potentialAction\":[{\"@type\":\"ReadAction\",\"target\":[\"https:\\\/\\\/acho.zaragozadinamica.org\\\/index.php\\\/contacto\\\/\"]}]},{\"@type\":\"BreadcrumbList\",\"@id\":\"https:\\\/\\\/acho.zaragozadinamica.org\\\/index.php\\\/contacto\\\/#breadcrumb\",\"itemListElement\":[{\"@type\":\"ListItem\",\"position\":1,\"name\":\"Portada\",\"item\":\"https:\\\/\\\/acho.zaragozadinamica.org\\\/\"},{\"@type\":\"ListItem\",\"position\":2,\"name\":\"Contacto\"}]},{\"@type\":\"WebSite\",\"@id\":\"https:\\\/\\\/acho.zaragozadinamica.org\\\/#website\",\"url\":\"https:\\\/\\\/acho.zaragozadinamica.org\\\/\",\"name\":\"Acho Coffee\",\"description\":\"\",\"publisher\":{\"@id\":\"https:\\\/\\\/acho.zaragozadinamica.org\\\/#organization\"},\"potentialAction\":[{\"@type\":\"SearchAction\",\"target\":{\"@type\":\"EntryPoint\",\"urlTemplate\":\"https:\\\/\\\/acho.zaragozadinamica.org\\\/?s={search_term_string}\"},\"query-input\":{\"@type\":\"PropertyValueSpecification\",\"valueRequired\":true,\"valueName\":\"search_term_string\"}}],\"inLanguage\":\"es\"},{\"@type\":\"Organization\",\"@id\":\"https:\\\/\\\/acho.zaragozadinamica.org\\\/#organization\",\"name\":\"Acho Coffee\",\"url\":\"https:\\\/\\\/acho.zaragozadinamica.org\\\/\",\"logo\":{\"@type\":\"ImageObject\",\"inLanguage\":\"es\",\"@id\":\"https:\\\/\\\/acho.zaragozadinamica.org\\\/#\\\/schema\\\/logo\\\/image\\\/\",\"url\":\"https:\\\/\\\/acho.zaragozadinamica.org\\\/wp-content\\\/uploads\\\/2026\\\/02\\\/cropped-logos-acho-Editada.png\",\"contentUrl\":\"https:\\\/\\\/acho.zaragozadinamica.org\\\/wp-content\\\/uploads\\\/2026\\\/02\\\/cropped-logos-acho-Editada.png\",\"width\":277,\"height\":314,\"caption\":\"Acho Coffee\"},\"image\":{\"@id\":\"https:\\\/\\\/acho.zaragozadinamica.org\\\/#\\\/schema\\\/logo\\\/image\\\/\"},\"sameAs\":[\"https:\\\/\\\/www.facebook.com\\\/people\\\/Acho-coffee\\\/61551274826182\\\/\",\"https:\\\/\\\/www.instagram.com\\\/achocoffee\\\/\"]}]}<\/script>\n<!-- \/ Yoast SEO plugin. -->","yoast_head_json":{"title":"Cafeter\u00eda en Zaragoza centro | Contacto Acho Coffee","description":"Contacta con Acho Coffee, cafeter\u00eda en Zaragoza centro. Consulta horarios, ubicaci\u00f3n y c\u00f3mo llegar f\u00e1cilmente.","robots":{"index":"noindex","follow":"follow","max-snippet":"max-snippet:-1","max-image-preview":"max-image-preview:large","max-video-preview":"max-video-preview:-1"},"og_locale":"es_ES","og_type":"article","og_title":"Cafeter\u00eda en Zaragoza centro | Contacto Acho Coffee","og_description":"Contacta con Acho Coffee, cafeter\u00eda en Zaragoza centro. Consulta horarios, ubicaci\u00f3n y c\u00f3mo llegar f\u00e1cilmente.","og_url":"https:\/\/acho.zaragozadinamica.org\/index.php\/contacto\/","og_site_name":"Acho Coffee","article_publisher":"https:\/\/www.facebook.com\/people\/Acho-coffee\/61551274826182\/","article_modified_time":"2026-02-19T10:58:19+00:00","twitter_card":"summary_large_image","schema":{"@context":"https:\/\/schema.org","@graph":[{"@type":"WebPage","@id":"https:\/\/acho.zaragozadinamica.org\/index.php\/contacto\/","url":"https:\/\/acho.zaragozadinamica.org\/index.php\/contacto\/","name":"Cafeter\u00eda en Zaragoza centro | Contacto Acho Coffee","isPartOf":{"@id":"https:\/\/acho.zaragozadinamica.org\/#website"},"datePublished":"2026-02-16T07:14:06+00:00","dateModified":"2026-02-19T10:58:19+00:00","description":"Contacta con Acho Coffee, cafeter\u00eda en Zaragoza centro. Consulta horarios, ubicaci\u00f3n y c\u00f3mo llegar f\u00e1cilmente.","breadcrumb":{"@id":"https:\/\/acho.zaragozadinamica.org\/index.php\/contacto\/#breadcrumb"},"inLanguage":"es","potentialAction":[{"@type":"ReadAction","target":["https:\/\/acho.zaragozadinamica.org\/index.php\/contacto\/"]}]},{"@type":"BreadcrumbList","@id":"https:\/\/acho.zaragozadinamica.org\/index.php\/contacto\/#breadcrumb","itemListElement":[{"@type":"ListItem","position":1,"name":"Portada","item":"https:\/\/acho.zaragozadinamica.org\/"},{"@type":"ListItem","position":2,"name":"Contacto"}]},{"@type":"WebSite","@id":"https:\/\/acho.zaragozadinamica.org\/#website","url":"https:\/\/acho.zaragozadinamica.org\/","name":"Acho Coffee","description":"","publisher":{"@id":"https:\/\/acho.zaragozadinamica.org\/#organization"},"potentialAction":[{"@type":"SearchAction","target":{"@type":"EntryPoint","urlTemplate":"https:\/\/acho.zaragozadinamica.org\/?s={search_term_string}"},"query-input":{"@type":"PropertyValueSpecification","valueRequired":true,"valueName":"search_term_string"}}],"inLanguage":"es"},{"@type":"Organization","@id":"https:\/\/acho.zaragozadinamica.org\/#organization","name":"Acho Coffee","url":"https:\/\/acho.zaragozadinamica.org\/","logo":{"@type":"ImageObject","inLanguage":"es","@id":"https:\/\/acho.zaragozadinamica.org\/#\/schema\/logo\/image\/","url":"https:\/\/acho.zaragozadinamica.org\/wp-content\/uploads\/2026\/02\/cropped-logos-acho-Editada.png","contentUrl":"https:\/\/acho.zaragozadinamica.org\/wp-content\/uploads\/2026\/02\/cropped-logos-acho-Editada.png","width":277,"height":314,"caption":"Acho Coffee"},"image":{"@id":"https:\/\/acho.zaragozadinamica.org\/#\/schema\/logo\/image\/"},"sameAs":["https:\/\/www.facebook.com\/people\/Acho-coffee\/61551274826182\/","https:\/\/www.instagram.com\/achocoffee\/"]}]}},"uagb_featured_image_src":{"full":false,"thumbnail":false,"medium":false,"medium_large":false,"large":false,"1536x1536":false,"2048x2048":false,"et-pb-post-main-image":false,"et-pb-post-main-image-fullwidth":false,"et-pb-portfolio-image":false,"et-pb-portfolio-module-image":false,"et-pb-portfolio-image-single":false,"et-pb-gallery-module-image-portrait":false,"et-pb-post-main-image-fullwidth-large":false,"et-pb-image--responsive--desktop":false,"et-pb-image--responsive--tablet":false,"et-pb-image--responsive--phone":false},"uagb_author_info":{"display_name":"Nacho Fornies","author_link":"https:\/\/acho.zaragozadinamica.org\/index.php\/author\/nacho-for\/"},"uagb_comment_info":0,"uagb_excerpt":null,"_links":{"self":[{"href":"https:\/\/acho.zaragozadinamica.org\/index.php\/wp-json\/wp\/v2\/pages\/249","targetHints":{"allow":["GET"]}}],"collection":[{"href":"https:\/\/acho.zaragozadinamica.org\/index.php\/wp-json\/wp\/v2\/pages"}],"about":[{"href":"https:\/\/acho.zaragozadinamica.org\/index.php\/wp-json\/wp\/v2\/types\/page"}],"author":[{"embeddable":true,"href":"https:\/\/acho.zaragozadinamica.org\/index.php\/wp-json\/wp\/v2\/users\/3"}],"replies":[{"embeddable":true,"href":"https:\/\/acho.zaragozadinamica.org\/index.php\/wp-json\/wp\/v2\/comments?post=249"}],"version-history":[{"count":1,"href":"https:\/\/acho.zaragozadinamica.org\/index.php\/wp-json\/wp\/v2\/pages\/249\/revisions"}],"predecessor-version":[{"id":549,"href":"https:\/\/acho.zaragozadinamica.org\/index.php\/wp-json\/wp\/v2\/pages\/249\/revisions\/549"}],"wp:attachment":[{"href":"https:\/\/acho.zaragozadinamica.org\/index.php\/wp-json\/wp\/v2\/media?parent=249"}],"curies":[{"name":"wp","href":"https:\/\/api.w.org\/{rel}","templated":true}]}}